thousands digit of 2551?
2
What is the tens digit of 10551?
5
What is the units digit of 1082?
2
What is the thousands digit of 4370?
4
What is the ten thousands digit of 120204?
2
What is the tens digit of 10519?
1
What is the units digit of 4362?
2
What is the tens digit of 11357?
5
What is the hundreds digit of 1753?
7
What is the units digit of 696?
6
What is the tens digit of 3648?
4
What is the units digit of 12825?
5
What is the tens digit of 701?
0
What is the hundreds digit of 746?
7
What is the hundreds digit of 18813?
8
What is the thousands digit of 2981?
2
What is the thousands digit of 7085?
7
What is the ten thousands digit of 130441?
3
What is the thousands digit of 123724?
3
What is the ten thousands digit of 100676?
0
What is the ten thousands digit of 146951?
4
What is the thousands digit of 33501?
3
What is the units digit of 1838?
8
What is the thousands digit of 4799?
4
What is the units digit of 997?
7
What is the thousands digit of 1307?
1
What is the units digit of 2439?
9
What is the hundreds digit of 154?
1
What is the units digit of 28436?
6
What is the thousands digit of 1902?
1
What is the thousands digit of 127155?
7
What is the tens digit of 243?
4
What is the thousands digit of 7719?
7
What is the tens digit of 62?
6
What is the tens digit of 42832?
3
What is the units digit of 5663?
3
What is the tens digit of 23048?
4
What is the hundreds digit of 39216?
2
What is the units digit of 8180?
0
What is the hundreds digit of 986?
9
What is the tens digit of 116597?
9
What is the units digit of 323?
3
What is the thousands digit of 8482?
8
What is the hundreds digit of 3992?
9
What is the tens digit of 1882?
8
What is the thousands digit of 35679?
5
What is the hundreds digit of 2364?
3
What is the hundreds digit of 4519?
5
What is the hundreds digit of 3946?
9
What is the thousands digit of 177571?
7
What is the tens digit of 50?
5
What is the units digit of 1972?
2
What is the hundreds digit of 912?
9
What is the tens digit of 15799?
9
What is the hundreds digit of 4347?
3
What is the hundreds digit of 1074?
0
What is the thousands digit of 1894?
1
What is the thousands digit of 17490?
7
What is the thousands digit of 110279?
0
What is the tens digit of 1155?
5
What is the thousands digit of 25783?
5
What is the hundreds digit of 1320?
3
What is the units digit of 4879?
9
What is the tens digit of 55418?
1
What is the tens digit of 904?
0
What is the units digit of 3472?
2
What is the hundreds digit of 2613?
6
What is the hundreds digit of 12133?
1
What is the tens digit of 2195?
9
What is the thousands digit of 2965?
2
What is the tens digit of 353?
5
What is the tens digit of 10198?
9
What is the thousands digit of 34071?
4
What is the thousands digit of 73476?
3
What is the units digit of 3765?
5
What is the tens digit of 7288?
8
What is the units digit of 932?
2
What is the hundreds digit of 80841?
8
What is the hundreds digit of 163?
1
What is the hundreds digit of 13938?
9
What is the units digit of 6466?
6
What is the hundreds digit of 3222?
2
What is the tens digit of 791?
9
What is the units digit of 3247?
7
What is the units digit of 1643?
3
What is the units digit of 666?
6
What is the thousands digit of 1642?
1
What is the thousands digit of 5309?
5
What is the units digit of 1732?
2
What is the tens digit of 494?
9
What is the units digit of 52?
2
What is the ten thousands digit of 28145?
2
What is the units digit of 4026?
6
What is the tens digit of 280?
8
What is the ten thousands digit of 12912?
1
What is the units digit of 14013?
3
What is the hundreds digit of 6052?
0
What is the tens digit of 64383?
8
What is the tens digit of 11911?
1
What is the thousands digit of 51068?
1
What is the units digit of 3980?
0
What is the tens digit of 70654?
5
What is the hundreds digit of 81148?
1
What is the hundreds digit of 501?
5
What is the units digit of 953?
3
What is the hundreds digit of 115612?
6
What is the units digit of 151880?
0
What is the units digit of 5283?
3
What is the thousands digit of 14094?
4
What is the units digit of 32866?
6
What is the tens digit of 9908?
0
What is the units digit of 2165?
5
What is the hundreds digit of 1173?
1
What is the thousands digit of 8096?
8
What is the ten thousands digit of 75918?
7
What is the units digit of 546?
6
What is the hundreds digit of 4162?
1
What is the thousands digit of 15300?
5
What is the hundreds digit of 9722?
7
What is the thousands digit of 12672?
2
What is the thousands digit of 2606?
2
What is the units digit of 870?
0
What is the thousands digit of 4365?
4
What is the hundreds digit of 1872?
8
What is the tens digit of 1832?
3
What is the tens digit of 2848?
4
What is the thousands digit of 62572?
2
What is the units digit of 4341?
1
What is the hundreds digit of 258?
2
What is the units digit of 4585?
5
What is the ten thousands digit of 51953?
5
What is the units digit of 79262?
2
What is the hundreds digit of 3619?
6
What is the thousands digit of 8140?
8
What is the units digit of 1000?
0
What is the ten thousands digit of 84047?
8
What is the tens digit of 7501?
0
What is the hundreds digit of 164740?
7
What is the hundreds digit of 70896?
8
What is the units digit of 3967?
7
What is the hundreds digit of 3020?
0
What is the units digit of 5191?
1
What is the units digit of 6472?
2
What is the hundreds digit of 1371?
3
What is the units digit of 2873?
3
What is the units digit of 48198?
8
What is the ten thousands digit of 88437?
8
What is the tens digit of 1764?
6
What is the hundreds digit of 1658?
6
What is the units digit of 32839?
9
What is the thousands digit of 13647?
3
What is the tens digit of 4037?
3
What is the tens digit of 2274?
7
What is the tens digit of 7509?
0
What is the hundreds digit of 1277?
2
What is the thousands digit of 45886?
5
What is the thousands digit of 57136?
7
What is the thousands digit of 27333?
7
What is the hundreds digit of 2400?
4
What is the tens digit of 23658?
5
What is the thousands digit of 1209?
1
What is the ten thousands digit of 34114?
3
What is the thousands digit of 8141?
8
What is the tens digit of 3280?
8
What is the tens digit of 1700?
0
What is the units digit of 1543?
3
What is the units digit of 109?
9
What is the units digit of 4703?
3
What is the ten thousands digit of 35115?
3
What is the thousands digit of 3696?
3
What is the hundreds digit of 7515?
5
What is the tens digit of 1350?
5
What is the thousands digit of 16303?
6
What is the units digit of 159323?
3
What is the units digit of 27022?
2
What is the hundreds digit of 10728?
7
What is the ten thousands digit of 74523?
7
What is the thousands digit of 1010?
1
What is the units digit of 6444?
4
What is the thousands digit of 4626?
4
What is the thousands digit of 35211?
5
What is the tens digit of 5624?
2
What is the thousands digit of 1440?
1
What is the tens digit of 2187?
8
What is the thousands digit of 45985?
5
What is the hundreds digit of 6490?
4
What is the tens digit of 14303?
0
What is the ten thousands digit of 26886?
2
What is the tens digit of 54?
5
What is the tens digit of 26?
2
What is the thousands digit of 8545?
8
What is the ten thousands digit of 30998?
3
What is the tens digit of 31018?
1
What is the tens digit of 1377?
7
What is the hundreds digit of 50342?
3
What is the hundreds digit of 98454?
4
What is the tens digit of 7153?
5
What is the units digit of 35228?
8
What is the hundreds digit of 4706?
7
What is the thousands digit of 9817?
9
What is the thousands digit of 14557?
4
What is the hundreds digit of 678?
6
What is the tens digit of 29837?
3
What is the units digit of 31285?
5
What is the tens digit of 3561?
6
What is the hundreds digit of 755?
7
What is the units digit of 43454?
4
What is the units digit of 890?
0
What is the tens digit of 75836?
3
What is the units digit of 83287?
7
What is the thousands digit of 1177?
1
What is the units digit of 25718?
8
What is the hundreds digit of 1932?
9
What is the units digit of 106642?
2
What is the units digit of 3112?
2
What is the units digit of 8731?
1
What is the units digit of 25819?
9
What is the tens digit of 1622?
2
What is the tens digit of 1730?
3
What is the hundreds digit of 48266?
2
What is the tens digit of 10645?
4
Wh